*2 - q + 5. What are the prime factors of v(o)?
3, 5
What are the prime factors of (-4344)/(-108) - 4/18?
2, 5
Suppose 0*l - 5*b + 7575 = 5*l, -5*l + 7585 = 3*b. List the prime factors of l.
2, 5, 19
Let i(f) = -f**3 + 9*f**2 + 12*f - 15. Let a be i(10). Suppose h - 30 = -a*h. Suppose -h*x + 35 + 135 = 0. List the prime factors of x.
2, 17
Let o(n) = 34*n. Let s be o(2). Let f = s - 137. What are the prime factors of 1/(-4) + f/(-4)?
17
Let c be (-9 + 9)*1/2. Let n(g) = -g**3 + 2*g**2 - g - 6. Let s be n(c). Let z(y) = y**3 + 5*y**2 - 9*y - 15. List the prime factors of z(s).
3
Let d(r) = 48*r - 3. Let z(y) = 95*y - 6. Let g(f) = 5*d(f) - 2*z(f). List the prime factors of g(1).
47
Let n(y) = y**2 + 12*y + 10. Let x be n(-10). Let g be (-3 + x)*(3 + -2). List the prime factors of -1 - -2 - (g + 4).
2, 5
Suppose -2*f - 2*j - 4 = 0, -3*f + 7 - 3 = -2*j. Suppose f = -7*r + 3*r. Suppose 4 = 5*s - 11, r = 4*t + 5*s - 71. What are the prime factors of t?
2, 7
Let k be 1626/(-12) - 1/(-2). Let n = -55 - k. What are the prime factors of n?
2, 5
Suppose 0*s - 3*s - g + 44 = 0, 0 = -2*s + 4*g + 6. Let h = s - 75. Let i = -44 - h. List the prime factors of i.
2, 3
Let k(o) = -2*o + 3. Let j = 14 - 20. Let q(i) = i - 5. Let y be q(j). List the prime factors of k(y).
5
Suppose 57 = -4*j + 13. Let w(v) be the second derivative of -v**4/12 - 7*v**3/3 - 8*v**2 - v. List the prime factors of w(j).
17
Let v(o) = o - 2. Let k be v(7). Let z be (36/k)/(18/60). Suppose w = -0*w + z. What are the prime factors of w?
2, 3
Suppose 82*c - 10 = 77*c. Suppose 4*w = c*f + 780, -w + 188 + 7 = -4*f. List the prime factors of w.
3, 5, 13
Let n be (-1 - 29)*(-1 - 90/(-12)). What are the prime factors of ((-10)/(-6))/(1165/n + 6)?
5, 13
Suppose -16*z + 2*n + 2148 = -14*z, -4*z = -2*n - 4306. List the prime factors of z.
13, 83
Suppose 3*i + 5*c + 1 = 0, 3*i - 4*i = 4*c + 5. Suppose 3*s = 4*l - 232, i*s - 8*s = l - 81. What are the prime factors of l?
61
Let u be 5 + -4 - -3 - 128. Let y = -61 - u. List the prime factors of y.
3, 7
Let w = -94 + 312. List the prime factors of w.
2, 109
Let r(n) = -n**3 + 10*n**2 + 12*n - 8. Let f be r(11). Suppose f*k + 0*k - 15 = 0. Suppose -124 = -k*u + 116. What are the prime factors of u?
2, 3
Let b(j) = j**2 - 8*j + 11. Let p be b(7). List the prime factors of p/(16/60)*7.
3, 5, 7
Let x be -3 - 1/2*-50. Let k(v) = -v + 6 + x*v - 8. List the prime factors of k(2).
2, 5
Suppose -14*o + 11*o = -15, -4*o = 4*j - 1488. List the prime factors of j.
367
Suppose 2*z + 2349 = 4*n - 3*n, 2 = z. What are the prime factors of n?
13, 181
Suppose 225 + 103 = 4*v. Let t = v + -48. List the prime factors of t.
2, 17
Let p(r) = 2*r**3 - 18*r**2 + 8*r + 17. Let i(u) = -2*u**3 + 18*u**2 - 8*u - 18. Let n(g) = -4*i(g) - 5*p(g). List the prime factors of n(7).
127
Suppose -295*n = -338*n + 274469. What are the prime factors of n?
13, 491
Let u(z) = -2*z - 3. Let j be u(-3). Let d = -108 + 147. Suppose -3*m = -j - d. List the prime factors of m.
2, 7
Let p be 30*4/(24/10). Let a be 28/10*p/20. Suppose -37 + a = -2*f. What are the prime factors of f?
3, 5
Let u(z) = z**2 + 4*z - 5. Suppose 3*a = -0*a - 6. Let j = a - 4. List the prime factors of u(j).
7
Suppose -3*p = 174 - 510. Let k = p - 56. What are the prime factors of k?
2, 7
Let g(j) = 5*j + 13. Let q be g(-5). Let c(p) = -20*p - 15. What are the prime factors of c(q)?
3, 5
Let b(l) = 5*l**2 + 2*l - 1. Let a(r) = 6*r**2 + r - 1. Let s(z) = -2*a(z) + 3*b(z). Let y be s(-3). Suppose -y - 36 = -p. List the prime factors of p.
2, 5
Suppose 900 + 2210 = 10*p. List the prime factors of p.
311
Suppose 4*f + f = -10. Let t(l) = -10*l**3 + 3*l**2 + 2*l + 3. List the prime factors of t(f).
7, 13
Let p = -12 - -37. Let m = p + -3. Suppose q - 28 = -3*w, 4*w = -3*q + m + 12. What are the prime factors of w?
2, 5
Let t = 381 + 2516. List the prime factors of t.
2897
Let w = 20 - 20. Suppose -4*h + 143 - 43 = w. What are the prime factors of h?
5
Let i(a) = -17*a + 16. Let d be i(-8). Let c = 213 - d. What are the prime factors of c?
61
Let d(o) = o**2 + 8*o + 5. Let h be d(-7). List the prime factors of (-66)/(0 - (h - -3)).
2, 3, 11
Let b be 7*((-1)/(-2))/((-6)/12). Let y(f) = -f**2 - 17*f + 13. What are the prime factors of y(b)?
83
Suppose 4*g - 7*g = 4*l + 11, -4*g - 25 = -5*l. Suppose -l = c - 33. What are the prime factors of c?
2
Let f(g) = 3*g**2 - 7*g + 17. Let x(m) = -m**2 + 4*m - 8. Let o(i) = 3*f(i) + 5*x(i). What are the prime factors of o(-4)?
79
Let u(w) = 2*w**2 - 29*w - 158. What are the prime factors of u(35)?
1277
Let t = 2334 + -1078. What are the prime factors of t?
2, 157
Let p = -6 + 10. Suppose -5*r + 45 + 244 = 4*w, 0 = r + p*w - 45. What are the prime factors of r?
61
Let q(g) = 2*g**2 - 2*g + 8. Let n be q(-7). Suppose 4*h - 126 = -2*z + 112, h - n = -z. List the prime factors of z.
11
Let s(w) = -4*w**3 + w**2 + 2*w + 1. Let v be s(-1). Suppose 1453 - 4198 = -9*m. Suppose z - m = -v*z. List the prime factors of z.
61
Let w(v) = v**3 + 4*v**2 - 2*v. Let d be 0 + (-4 - 0/(-4)). Let q be w(d). Suppose 7*y - q*y = -48. List the prime factors of y.
2, 3
Suppose -21 = 4*p - p. Let u(x) = -x**3 - 6*x**2 + 8*x + 10. Let g be u(p). Suppose 0 = g*d - 0*d - 30. List the prime factors of d.
2, 5
Let r(b) be the second derivative of -29*b**6/720 - b**5/120 + 7*b**4/12 + 7*b. Let m(v) be the third derivative of r(v). List the prime factors of m(-1).
2, 7
Suppose 3*g + 1161 = r + 2*g, -5*g = -10. What are the prime factors of r?
1163
Let v(c) = 6*c**2 - c - 3. Suppose -2*n = -2*d, -5*d + 2*d - 2*n - 15 = 0. List the prime factors of v(d).
2, 3
What are the prime factors of (0 + 4/6)*(42 + 321)?
2, 11
Let d be 14/63 - 25/(-9). Suppose 2 = d*p - 10. Suppose -9*y + p*y + 10 = 0. List the prime factors of y.
2
Let g = 586 - 76. List the prime factors of g.
2, 3, 5, 17
Let s = 5 - 12. What are the prime factors of -102*(28/8)/s?
3, 17
Suppose -5153 + 145 = -16*x. List the prime factors of x.
313
Let t be 4/(-6)*(6 + 3). Let o = 9 + t. What are the prime factors of o?
3
Suppose -22 + 136 = 3*s. Let j = -29 + s. List the prime factors of j.
3
Let i(n) = 2*n + 22. Let w be i(10). List the prime factors of w/(-9)*(1 - 4).
2, 7
Let l(p) = -p**3 - p**2 - p - 24. Let c be l(0). Let j = c - -29. What are the prime factors of j?
5
Let s(o) = 2*o**2 - 12*o + 1. Let i be s(5). What are the prime factors of 2/i + (224/(-9))/(-4)?
2, 3
Let y be 2/(-7) - 133/49. Let t(u) = -u**3 + 2*u**2 - u - 2. What are the prime factors of t(y)?
2, 23
Let j(p) = p**3 - 2*p**2 + 290. Let y(k) = -k**2. Let b(f) = -j(f) + 2*y(f). Let h be b(0). What are the prime factors of 16/(-72) + h/(-9)?
2
Let h(p) = p**3 - 7*p**2 + p - 4. Let u be h(7). Let c(s) = -s**2 - 6*s + 1. Let z be c(u). What are the prime factors of (-257)/(-7) + z/(-91)?
37
Suppose j - 5*j + 2134 = -2*o, 4*o = 12. List the prime factors of j.
5, 107
Let c be ((-8)/3)/(2/(-3)). Suppose c*l = 3*b - l - 1, 0 = -3*b + 4*l + 2. Suppose -66 = -u - b*u. What are the prime factors of u?
2, 11
Let n(x) = 5*x + 55. Suppose -17 = -2*g + 5. What are the prime factors of n(g)?
2, 5, 11
Let s(i) = -1340*i - 77. List the prime factors of s(-1).
3, 421
Suppose a + 36 = -4*o + 3*o, 5*o + 144 = 4*a. Let f = 63 + o. List the prime factors of f.
31
Let p = -299 - -476. List the prime factors of p.
3, 59
Let k = -83 - -166. What are the prime factors of k?
83
Let i = 1719 - -246. What are the prime factors of i?
3, 5, 131
Suppose 174*q = 173*q - 354. Let b = 547 + q. List the prime factors of b.
193
Suppose 4*b - 31 = -2*v - 3*v, 3*v + 43 = 2*b. List the prime factors of 174/34 + b/(-119).
5
Let i = 81 + -67. Let v = 51 - 18. Let w = v - i. List the prime factors of w.
19
Let z = -77 - -42. Let a = z + 50. List the prime factors of (-98)/(-3) + (-10)/a.
2
List the prime factors of (-2)/(-8) - 4679/(-4).
2, 3, 5, 13
Let d be 0 + (-4)/(-2) + 2. Suppose -d*u + 70 = -26. List the prime factors of 620/u - (-1)/6.
2, 13
Let o(k) = -19 - 18 + 29*k + 29. What are the prime factors of o(8)?
2, 7
What are the prime factors of (1 + 66)*(14 + -4 + 2)?
2, 3, 67
What are the prime factors of ((-485)/15)/((-11)/627)?
19, 97
Suppose -3*d + 97 = -5*i, 2*i = 2*d + i - 67. Let g = 91 + d. List the prime facto